{"id":3243,"date":"2024-03-10T13:46:50","date_gmt":"2024-03-10T12:46:50","guid":{"rendered":"https:\/\/silence-stilleerleben.de\/silence\/?page_id=3243"},"modified":"2024-03-14T19:56:59","modified_gmt":"2024-03-14T18:56:59","slug":"anmeldung-zum-modul-refresher","status":"publish","type":"page","link":"https:\/\/silence-stilleerleben.de\/silence\/anmeldung-zum-modul-refresher\/","title":{"rendered":"Anmeldung zum \u201eRefresher und Supervision\u201c"},"content":{"rendered":"<p>[vc_row][vc_column][vc_custom_heading text=&#8220;Sie m\u00f6chten gerne am \u201eRefresher und Supervision\u201c teilnehmen ?&#8220; font_container=&#8220;tag:h3|text_align:left&#8220; use_theme_fonts=&#8220;yes&#8220;][vc_column_text css=&#8220;.vc_custom_1710442591291{margin-top: 15px !important;margin-bottom: 15px !important;}&#8220;]Bitte hinterlassen Sie einfach ihre Kontaktdaten, w\u00e4hlen Sie einen Termin, best\u00e4tigen die Teilnahme<br \/>\nund senden uns Ihre Anmeldung.<\/p>\n<p>Nach Pr\u00fcfung der freien Pl\u00e4tze erhalten Sie eine Best\u00e4tigung zur Teilnahme am \u201eRefresher und Supervision\u201c[\/vc_column_text][\/vc_column][\/vc_row][vc_row][vc_column][vc_empty_space][stm_contact_form7 form_id=&#8220;3247&#8243;][\/vc_column][\/vc_row]<\/p>\n","protected":false},"excerpt":{"rendered":"<p>[vc_row][vc_column][vc_custom_heading text=&#8220;Sie m\u00f6chten gerne am \u201eRefresher und Supervision\u201c teilnehmen ?&#8220; font_container=&#8220;tag:h3|text_align:left&#8220; use_theme_fonts=&#8220;yes&#8220;][vc_column_text css=&#8220;.vc_custom_1710442591291{margin-top: 15px !important;margin-bottom:&#8230;<\/p>\n","protected":false},"author":1,"featured_media":0,"parent":0,"menu_order":0,"comment_status":"closed","ping_status":"closed","template":"","meta":{"footnotes":""},"class_list":["post-3243","page","type-page","status-publish","hentry"],"_links":{"self":[{"href":"https:\/\/silence-stilleerleben.de\/silence\/wp-json\/wp\/v2\/pages\/3243","targetHints":{"allow":["GET"]}}],"collection":[{"href":"https:\/\/silence-stilleerleben.de\/silence\/wp-json\/wp\/v2\/pages"}],"about":[{"href":"https:\/\/silence-stilleerleben.de\/silence\/wp-json\/wp\/v2\/types\/page"}],"author":[{"embeddable":true,"href":"https:\/\/silence-stilleerleben.de\/silence\/wp-json\/wp\/v2\/users\/1"}],"replies":[{"embeddable":true,"href":"https:\/\/silence-stilleerleben.de\/silence\/wp-json\/wp\/v2\/comments?post=3243"}],"version-history":[{"count":3,"href":"https:\/\/silence-stilleerleben.de\/silence\/wp-json\/wp\/v2\/pages\/3243\/revisions"}],"predecessor-version":[{"id":3256,"href":"https:\/\/silence-stilleerleben.de\/silence\/wp-json\/wp\/v2\/pages\/3243\/revisions\/3256"}],"wp:attachment":[{"href":"https:\/\/silence-stilleerleben.de\/silence\/wp-json\/wp\/v2\/media?parent=3243"}],"curies":[{"name":"wp","href":"https:\/\/api.w.org\/{rel}","templated":true}]}}